{"id":2695,"date":"2024-09-03T09:40:22","date_gmt":"2024-09-03T07:40:22","guid":{"rendered":"https:\/\/auparadisdesjouets.com\/?post_type=product&#038;p=2695"},"modified":"2025-07-03T15:55:07","modified_gmt":"2025-07-03T13:55:07","slug":"pebeo-peinture-pour-porcelaine-citrine-ref-024001","status":"publish","type":"product","link":"https:\/\/auparadisdesjouets.com\/index.php\/produit\/pebeo-peinture-pour-porcelaine-citrine-ref-024001\/","title":{"rendered":"PEINTURE POUR PORCELAINE PEBEO CITRINE REF 024001"},"content":{"rendered":"<p>Voici P\u00e9b\u00e9o D\u00e9co : une gamme innovante, qui s&rsquo;applique sur de nombreux supports comme le bois, le pl\u00e2tre, la terre cuite, le m\u00e9tal, la p\u00e2te \u00e0 sel, le carton, la pierre, le papier. Mise au point par P\u00e9b\u00e9o, fabricant de couleurs en Provence, cette gamme est une peinture acrylique totalement opaque donc couvrante. Le temps de s\u00e9chage \u00e0 coeur apr\u00e8s la pose d&rsquo;une couche est de 24 heures. Les artistes trouveront dans ce nuancier plusieurs finitions : mattes, brillantes et ici nacr\u00e9es. La finition nacr\u00e9e inspire \u00e0 la d\u00e9licatesse. Vous pouvez r\u00e9aliser des cr\u00e9ations inspirantes sur tous les supports \u00e0 l&rsquo;exception du verre, de la c\u00e9ramique, de la porcelaine et du textile. Laissez-vous inspirer par P\u00e9b\u00e9o d\u00e9co. Totalement diluables \u00e0 l&rsquo;eau, toutes les couleurs sont miscibles entre elles. Elles se passent au pinceau pour acrylique (synth\u00e9tique et soie beau-blanc). P\u00e9b\u00e9o D\u00e9co Flacon de 45 ml couleurs tons nacr\u00e9s.<\/p>\n","protected":false},"excerpt":{"rendered":"<p>Voici P\u00e9b\u00e9o D\u00e9co : une gamme innovante, qui s&rsquo;applique sur de nombreux supports comme le bois, le pl\u00e2tre, la terre cuite, le m\u00e9tal, la p\u00e2te \u00e0 sel, le carton, la pierre, le papier. Mise au point par P\u00e9b\u00e9o, fabricant de couleurs en Provence, cette gamme est une peinture acrylique totalement opaque donc couvrante. Le temps de s\u00e9chage \u00e0 coeur apr\u00e8s la pose d&rsquo;une couche est de 24 heures. Les artistes trouveront dans ce nuancier plusieurs finitions : mattes, brillantes et ici nacr\u00e9es. La finition nacr\u00e9e inspire \u00e0 la d\u00e9licatesse. Vous pouvez r\u00e9aliser des cr\u00e9ations inspirantes sur tous les supports \u00e0 l&rsquo;exception du verre, de la c\u00e9ramique, de la porcelaine et du textile. Laissez-vous inspirer par P\u00e9b\u00e9o d\u00e9co. Totalement diluables \u00e0 l&rsquo;eau, toutes les couleurs sont miscibles entre elles. Elles se passent au pinceau pour acrylique (synth\u00e9tique et soie beau-blanc). P\u00e9b\u00e9o D\u00e9co Flacon de 45 ml couleurs tons nacr\u00e9s.<\/p>\n","protected":false},"featured_media":2696,"comment_status":"open","ping_status":"closed","template":"","meta":[],"product_brand":[],"product_cat":[35],"product_tag":[],"giftcard-category":[],"class_list":{"0":"post-2695","1":"product","2":"type-product","3":"status-publish","4":"has-post-thumbnail","6":"product_cat-activites-creatives-et-manuelles","8":"entry","9":"has-media","11":"first","12":"instock","13":"sale","14":"taxable","15":"shipping-taxable","16":"purchasable","17":"product-type-simple","18":"has-product-nav","19":"col","20":"span_1_of_3","21":"owp-content-center","22":"owp-thumbs-layout-horizontal","23":"owp-btn-normal","24":"owp-tabs-layout-horizontal","25":"has-no-thumbnails","27":"circle-sale"},"yoast_head":"<!-- This site is optimized with the Yoast SEO plugin v27.4 - https:\/\/yoast.com\/product\/yoast-seo-wordpress\/ -->\n<title>PEINTURE POUR PORCELAINE PEBEO CITRINE REF 024001 - Au Paradis des Jouets<\/title>\n<meta name=\"robots\" content=\"index, follow, max-snippet:-1, max-image-preview:large, max-video-preview:-1\" \/>\n<link rel=\"canonical\" href=\"https:\/\/auparadisdesjouets.com\/index.php\/produit\/pebeo-peinture-pour-porcelaine-citrine-ref-024001\/\" \/>\n<meta property=\"og:locale\" content=\"fr_FR\" \/>\n<meta property=\"og:type\" content=\"article\" \/>\n<meta property=\"og:title\" content=\"PEINTURE POUR PORCELAINE PEBEO CITRINE REF 024001 - Au Paradis des Jouets\" \/>\n<meta property=\"og:description\" content=\"Voici P\u00e9b\u00e9o D\u00e9co : une gamme innovante, qui s&rsquo;applique sur de nombreux supports comme le bois, le pl\u00e2tre, la terre cuite, le m\u00e9tal, la p\u00e2te \u00e0 sel, le carton, la pierre, le papier. Mise au point par P\u00e9b\u00e9o, fabricant de couleurs en Provence, cette gamme est une peinture acrylique totalement opaque donc couvrante. Le temps de s\u00e9chage \u00e0 coeur apr\u00e8s la pose d&rsquo;une couche est de 24 heures. Les artistes trouveront dans ce nuancier plusieurs finitions : mattes, brillantes et ici nacr\u00e9es. La finition nacr\u00e9e inspire \u00e0 la d\u00e9licatesse. Vous pouvez r\u00e9aliser des cr\u00e9ations inspirantes sur tous les supports \u00e0 l&rsquo;exception du verre, de la c\u00e9ramique, de la porcelaine et du textile. Laissez-vous inspirer par P\u00e9b\u00e9o d\u00e9co. Totalement diluables \u00e0 l&rsquo;eau, toutes les couleurs sont miscibles entre elles. Elles se passent au pinceau pour acrylique (synth\u00e9tique et soie beau-blanc). P\u00e9b\u00e9o D\u00e9co Flacon de 45 ml couleurs tons nacr\u00e9s.\" \/>\n<meta property=\"og:url\" content=\"https:\/\/auparadisdesjouets.com\/index.php\/produit\/pebeo-peinture-pour-porcelaine-citrine-ref-024001\/\" \/>\n<meta property=\"og:site_name\" content=\"Au Paradis des Jouets\" \/>\n<meta property=\"article:publisher\" content=\"https:\/\/www.facebook.com\/auparadisdesjouets\" \/>\n<meta property=\"article:modified_time\" content=\"2025-07-03T13:55:07+00:00\" \/>\n<meta property=\"og:image\" content=\"https:\/\/auparadisdesjouets.com\/wp-content\/uploads\/2024\/09\/PEBEO-024001-PEBEO-Porcelaine-Paint-45ml-01-Citrine-Yellow.jpg\" \/>\n\t<meta property=\"og:image:width\" content=\"512\" \/>\n\t<meta property=\"og:image:height\" content=\"512\" \/>\n\t<meta property=\"og:image:type\" content=\"image\/jpeg\" \/>\n<meta name=\"twitter:card\" content=\"summary_large_image\" \/>\n<meta name=\"twitter:label1\" content=\"Dur\u00e9e de lecture estim\u00e9e\" \/>\n\t<meta name=\"twitter:data1\" content=\"1 minute\" \/>\n<script type=\"application\/ld+json\" class=\"yoast-schema-graph\">{\"@context\":\"https:\\\/\\\/schema.org\",\"@graph\":[{\"@type\":\"WebPage\",\"@id\":\"https:\\\/\\\/auparadisdesjouets.com\\\/index.php\\\/produit\\\/pebeo-peinture-pour-porcelaine-citrine-ref-024001\\\/\",\"url\":\"https:\\\/\\\/auparadisdesjouets.com\\\/index.php\\\/produit\\\/pebeo-peinture-pour-porcelaine-citrine-ref-024001\\\/\",\"name\":\"PEINTURE POUR PORCELAINE PEBEO CITRINE REF 024001 - Au Paradis des Jouets\",\"isPartOf\":{\"@id\":\"https:\\\/\\\/auparadisdesjouets.com\\\/#website\"},\"primaryImageOfPage\":{\"@id\":\"https:\\\/\\\/auparadisdesjouets.com\\\/index.php\\\/produit\\\/pebeo-peinture-pour-porcelaine-citrine-ref-024001\\\/#primaryimage\"},\"image\":{\"@id\":\"https:\\\/\\\/auparadisdesjouets.com\\\/index.php\\\/produit\\\/pebeo-peinture-pour-porcelaine-citrine-ref-024001\\\/#primaryimage\"},\"thumbnailUrl\":\"https:\\\/\\\/auparadisdesjouets.com\\\/wp-content\\\/uploads\\\/2024\\\/09\\\/PEBEO-024001-PEBEO-Porcelaine-Paint-45ml-01-Citrine-Yellow.jpg\",\"datePublished\":\"2024-09-03T07:40:22+00:00\",\"dateModified\":\"2025-07-03T13:55:07+00:00\",\"breadcrumb\":{\"@id\":\"https:\\\/\\\/auparadisdesjouets.com\\\/index.php\\\/produit\\\/pebeo-peinture-pour-porcelaine-citrine-ref-024001\\\/#breadcrumb\"},\"inLanguage\":\"fr-FR\",\"potentialAction\":[{\"@type\":\"ReadAction\",\"target\":[\"https:\\\/\\\/auparadisdesjouets.com\\\/index.php\\\/produit\\\/pebeo-peinture-pour-porcelaine-citrine-ref-024001\\\/\"]}]},{\"@type\":\"ImageObject\",\"inLanguage\":\"fr-FR\",\"@id\":\"https:\\\/\\\/auparadisdesjouets.com\\\/index.php\\\/produit\\\/pebeo-peinture-pour-porcelaine-citrine-ref-024001\\\/#primaryimage\",\"url\":\"https:\\\/\\\/auparadisdesjouets.com\\\/wp-content\\\/uploads\\\/2024\\\/09\\\/PEBEO-024001-PEBEO-Porcelaine-Paint-45ml-01-Citrine-Yellow.jpg\",\"contentUrl\":\"https:\\\/\\\/auparadisdesjouets.com\\\/wp-content\\\/uploads\\\/2024\\\/09\\\/PEBEO-024001-PEBEO-Porcelaine-Paint-45ml-01-Citrine-Yellow.jpg\",\"width\":512,\"height\":512},{\"@type\":\"BreadcrumbList\",\"@id\":\"https:\\\/\\\/auparadisdesjouets.com\\\/index.php\\\/produit\\\/pebeo-peinture-pour-porcelaine-citrine-ref-024001\\\/#breadcrumb\",\"itemListElement\":[{\"@type\":\"ListItem\",\"position\":1,\"name\":\"Accueil\",\"item\":\"https:\\\/\\\/auparadisdesjouets.com\\\/\"},{\"@type\":\"ListItem\",\"position\":2,\"name\":\"Boutique\",\"item\":\"https:\\\/\\\/auparadisdesjouets.com\\\/index.php\\\/boutique\\\/\"},{\"@type\":\"ListItem\",\"position\":3,\"name\":\"PEINTURE POUR PORCELAINE PEBEO CITRINE REF 024001\"}]},{\"@type\":\"WebSite\",\"@id\":\"https:\\\/\\\/auparadisdesjouets.com\\\/#website\",\"url\":\"https:\\\/\\\/auparadisdesjouets.com\\\/\",\"name\":\"Au Paradis des Jouets\",\"description\":\"Trouvez le jouet qui vous correspond !\",\"publisher\":{\"@id\":\"https:\\\/\\\/auparadisdesjouets.com\\\/#organization\"},\"potentialAction\":[{\"@type\":\"SearchAction\",\"target\":{\"@type\":\"EntryPoint\",\"urlTemplate\":\"https:\\\/\\\/auparadisdesjouets.com\\\/?s={search_term_string}\"},\"query-input\":{\"@type\":\"PropertyValueSpecification\",\"valueRequired\":true,\"valueName\":\"search_term_string\"}}],\"inLanguage\":\"fr-FR\"},{\"@type\":\"Organization\",\"@id\":\"https:\\\/\\\/auparadisdesjouets.com\\\/#organization\",\"name\":\"Au Paradis des Jouets\",\"url\":\"https:\\\/\\\/auparadisdesjouets.com\\\/\",\"logo\":{\"@type\":\"ImageObject\",\"inLanguage\":\"fr-FR\",\"@id\":\"https:\\\/\\\/auparadisdesjouets.com\\\/#\\\/schema\\\/logo\\\/image\\\/\",\"url\":\"https:\\\/\\\/auparadisdesjouets.com\\\/wp-content\\\/uploads\\\/2024\\\/09\\\/logo-paradis-jouets.png\",\"contentUrl\":\"https:\\\/\\\/auparadisdesjouets.com\\\/wp-content\\\/uploads\\\/2024\\\/09\\\/logo-paradis-jouets.png\",\"width\":7678,\"height\":1950,\"caption\":\"Au Paradis des Jouets\"},\"image\":{\"@id\":\"https:\\\/\\\/auparadisdesjouets.com\\\/#\\\/schema\\\/logo\\\/image\\\/\"},\"sameAs\":[\"https:\\\/\\\/www.facebook.com\\\/auparadisdesjouets\"]}]}<\/script>\n<!-- \/ Yoast SEO plugin. -->","yoast_head_json":{"title":"PEINTURE POUR PORCELAINE PEBEO CITRINE REF 024001 - Au Paradis des Jouets","robots":{"index":"index","follow":"follow","max-snippet":"max-snippet:-1","max-image-preview":"max-image-preview:large","max-video-preview":"max-video-preview:-1"},"canonical":"https:\/\/auparadisdesjouets.com\/index.php\/produit\/pebeo-peinture-pour-porcelaine-citrine-ref-024001\/","og_locale":"fr_FR","og_type":"article","og_title":"PEINTURE POUR PORCELAINE PEBEO CITRINE REF 024001 - Au Paradis des Jouets","og_description":"Voici P\u00e9b\u00e9o D\u00e9co : une gamme innovante, qui s&rsquo;applique sur de nombreux supports comme le bois, le pl\u00e2tre, la terre cuite, le m\u00e9tal, la p\u00e2te \u00e0 sel, le carton, la pierre, le papier. Mise au point par P\u00e9b\u00e9o, fabricant de couleurs en Provence, cette gamme est une peinture acrylique totalement opaque donc couvrante. Le temps de s\u00e9chage \u00e0 coeur apr\u00e8s la pose d&rsquo;une couche est de 24 heures. Les artistes trouveront dans ce nuancier plusieurs finitions : mattes, brillantes et ici nacr\u00e9es. La finition nacr\u00e9e inspire \u00e0 la d\u00e9licatesse. Vous pouvez r\u00e9aliser des cr\u00e9ations inspirantes sur tous les supports \u00e0 l&rsquo;exception du verre, de la c\u00e9ramique, de la porcelaine et du textile. Laissez-vous inspirer par P\u00e9b\u00e9o d\u00e9co. Totalement diluables \u00e0 l&rsquo;eau, toutes les couleurs sont miscibles entre elles. Elles se passent au pinceau pour acrylique (synth\u00e9tique et soie beau-blanc). P\u00e9b\u00e9o D\u00e9co Flacon de 45 ml couleurs tons nacr\u00e9s.","og_url":"https:\/\/auparadisdesjouets.com\/index.php\/produit\/pebeo-peinture-pour-porcelaine-citrine-ref-024001\/","og_site_name":"Au Paradis des Jouets","article_publisher":"https:\/\/www.facebook.com\/auparadisdesjouets","article_modified_time":"2025-07-03T13:55:07+00:00","og_image":[{"width":512,"height":512,"url":"https:\/\/auparadisdesjouets.com\/wp-content\/uploads\/2024\/09\/PEBEO-024001-PEBEO-Porcelaine-Paint-45ml-01-Citrine-Yellow.jpg","type":"image\/jpeg"}],"twitter_card":"summary_large_image","twitter_misc":{"Dur\u00e9e de lecture estim\u00e9e":"1 minute"},"schema":{"@context":"https:\/\/schema.org","@graph":[{"@type":"WebPage","@id":"https:\/\/auparadisdesjouets.com\/index.php\/produit\/pebeo-peinture-pour-porcelaine-citrine-ref-024001\/","url":"https:\/\/auparadisdesjouets.com\/index.php\/produit\/pebeo-peinture-pour-porcelaine-citrine-ref-024001\/","name":"PEINTURE POUR PORCELAINE PEBEO CITRINE REF 024001 - Au Paradis des Jouets","isPartOf":{"@id":"https:\/\/auparadisdesjouets.com\/#website"},"primaryImageOfPage":{"@id":"https:\/\/auparadisdesjouets.com\/index.php\/produit\/pebeo-peinture-pour-porcelaine-citrine-ref-024001\/#primaryimage"},"image":{"@id":"https:\/\/auparadisdesjouets.com\/index.php\/produit\/pebeo-peinture-pour-porcelaine-citrine-ref-024001\/#primaryimage"},"thumbnailUrl":"https:\/\/auparadisdesjouets.com\/wp-content\/uploads\/2024\/09\/PEBEO-024001-PEBEO-Porcelaine-Paint-45ml-01-Citrine-Yellow.jpg","datePublished":"2024-09-03T07:40:22+00:00","dateModified":"2025-07-03T13:55:07+00:00","breadcrumb":{"@id":"https:\/\/auparadisdesjouets.com\/index.php\/produit\/pebeo-peinture-pour-porcelaine-citrine-ref-024001\/#breadcrumb"},"inLanguage":"fr-FR","potentialAction":[{"@type":"ReadAction","target":["https:\/\/auparadisdesjouets.com\/index.php\/produit\/pebeo-peinture-pour-porcelaine-citrine-ref-024001\/"]}]},{"@type":"ImageObject","inLanguage":"fr-FR","@id":"https:\/\/auparadisdesjouets.com\/index.php\/produit\/pebeo-peinture-pour-porcelaine-citrine-ref-024001\/#primaryimage","url":"https:\/\/auparadisdesjouets.com\/wp-content\/uploads\/2024\/09\/PEBEO-024001-PEBEO-Porcelaine-Paint-45ml-01-Citrine-Yellow.jpg","contentUrl":"https:\/\/auparadisdesjouets.com\/wp-content\/uploads\/2024\/09\/PEBEO-024001-PEBEO-Porcelaine-Paint-45ml-01-Citrine-Yellow.jpg","width":512,"height":512},{"@type":"BreadcrumbList","@id":"https:\/\/auparadisdesjouets.com\/index.php\/produit\/pebeo-peinture-pour-porcelaine-citrine-ref-024001\/#breadcrumb","itemListElement":[{"@type":"ListItem","position":1,"name":"Accueil","item":"https:\/\/auparadisdesjouets.com\/"},{"@type":"ListItem","position":2,"name":"Boutique","item":"https:\/\/auparadisdesjouets.com\/index.php\/boutique\/"},{"@type":"ListItem","position":3,"name":"PEINTURE POUR PORCELAINE PEBEO CITRINE REF 024001"}]},{"@type":"WebSite","@id":"https:\/\/auparadisdesjouets.com\/#website","url":"https:\/\/auparadisdesjouets.com\/","name":"Au Paradis des Jouets","description":"Trouvez le jouet qui vous correspond !","publisher":{"@id":"https:\/\/auparadisdesjouets.com\/#organization"},"potentialAction":[{"@type":"SearchAction","target":{"@type":"EntryPoint","urlTemplate":"https:\/\/auparadisdesjouets.com\/?s={search_term_string}"},"query-input":{"@type":"PropertyValueSpecification","valueRequired":true,"valueName":"search_term_string"}}],"inLanguage":"fr-FR"},{"@type":"Organization","@id":"https:\/\/auparadisdesjouets.com\/#organization","name":"Au Paradis des Jouets","url":"https:\/\/auparadisdesjouets.com\/","logo":{"@type":"ImageObject","inLanguage":"fr-FR","@id":"https:\/\/auparadisdesjouets.com\/#\/schema\/logo\/image\/","url":"https:\/\/auparadisdesjouets.com\/wp-content\/uploads\/2024\/09\/logo-paradis-jouets.png","contentUrl":"https:\/\/auparadisdesjouets.com\/wp-content\/uploads\/2024\/09\/logo-paradis-jouets.png","width":7678,"height":1950,"caption":"Au Paradis des Jouets"},"image":{"@id":"https:\/\/auparadisdesjouets.com\/#\/schema\/logo\/image\/"},"sameAs":["https:\/\/www.facebook.com\/auparadisdesjouets"]}]}},"jetpack_sharing_enabled":true,"_links":{"self":[{"href":"https:\/\/auparadisdesjouets.com\/index.php\/wp-json\/wp\/v2\/product\/2695","targetHints":{"allow":["GET"]}}],"collection":[{"href":"https:\/\/auparadisdesjouets.com\/index.php\/wp-json\/wp\/v2\/product"}],"about":[{"href":"https:\/\/auparadisdesjouets.com\/index.php\/wp-json\/wp\/v2\/types\/product"}],"replies":[{"embeddable":true,"href":"https:\/\/auparadisdesjouets.com\/index.php\/wp-json\/wp\/v2\/comments?post=2695"}],"version-history":[{"count":2,"href":"https:\/\/auparadisdesjouets.com\/index.php\/wp-json\/wp\/v2\/product\/2695\/revisions"}],"predecessor-version":[{"id":3814,"href":"https:\/\/auparadisdesjouets.com\/index.php\/wp-json\/wp\/v2\/product\/2695\/revisions\/3814"}],"wp:featuredmedia":[{"embeddable":true,"href":"https:\/\/auparadisdesjouets.com\/index.php\/wp-json\/wp\/v2\/media\/2696"}],"wp:attachment":[{"href":"https:\/\/auparadisdesjouets.com\/index.php\/wp-json\/wp\/v2\/media?parent=2695"}],"wp:term":[{"taxonomy":"product_brand","embeddable":true,"href":"https:\/\/auparadisdesjouets.com\/index.php\/wp-json\/wp\/v2\/product_brand?post=2695"},{"taxonomy":"product_cat","embeddable":true,"href":"https:\/\/auparadisdesjouets.com\/index.php\/wp-json\/wp\/v2\/product_cat?post=2695"},{"taxonomy":"product_tag","embeddable":true,"href":"https:\/\/auparadisdesjouets.com\/index.php\/wp-json\/wp\/v2\/product_tag?post=2695"},{"taxonomy":"giftcard-category","embeddable":true,"href":"https:\/\/auparadisdesjouets.com\/index.php\/wp-json\/wp\/v2\/giftcard-category?post=2695"}],"curies":[{"name":"wp","href":"https:\/\/api.w.org\/{rel}","templated":true}]}}