{"id":2509,"date":"2024-08-30T11:14:58","date_gmt":"2024-08-30T09:14:58","guid":{"rendered":"https:\/\/auparadisdesjouets.com\/?post_type=product&#038;p=2509"},"modified":"2025-12-03T16:51:32","modified_gmt":"2025-12-03T15:51:32","slug":"pebeo-peinture-deco-acrylique-rouge-ref-204024","status":"publish","type":"product","link":"https:\/\/auparadisdesjouets.com\/index.php\/produit\/pebeo-peinture-deco-acrylique-rouge-ref-204024\/","title":{"rendered":"PEINTURE DECO ACRYLIQUE PEBEO ROUGE REF 204024"},"content":{"rendered":"<p>La gamme de peinture P.BO D\u00e9co mate se d\u00e9cline en 50 couleurs vari\u00e9es. Diluables \u00e0 l\u0092eau et miscibles entre elles, elles permettent de d\u00e9corer les mat\u00e9riaux de votre choix. Une fois s\u00e8che, elles r\u00e9sistent \u00e0 l\u0092eau. Vous pouvez \u00e9galement les combiner avec tous les auxiliaires ou dorures et patines de la m\u00eame gamme pour obtenir plus d\u0092effets. S\u00e9chage: S\u00e9chage hors poussi\u00e8re 30min. A coeur 24 heures. Supports : bois, pl\u00e2tre, terre cuite, p\u00e2te \u00e0 sel, carton, pierre, papier&#8230; Dilution : eau. Opacit\u00e9 : couleurs opaques. Finition: mate. Surface couverte : 45 ml \u0098 0,5 m\u00b2 Entretien : supporte un lavage l\u00e9ger \u00e0 la main sans trempage. Pinceaux: pinceaux synth\u00e9tiques, rouleaux et pinceaux mousse, pinceaux pochoirs \u0085 Nettoyage des pinceaux : eau savonneuse.<\/p>\n","protected":false},"excerpt":{"rendered":"<p>La gamme de peinture P.BO D\u00e9co mate se d\u00e9cline en 50 couleurs vari\u00e9es. Diluables \u00e0 l\u0092eau et miscibles entre elles, elles permettent de d\u00e9corer les mat\u00e9riaux de votre choix. Une fois s\u00e8che, elles r\u00e9sistent \u00e0 l\u0092eau. Vous pouvez \u00e9galement les combiner avec tous les auxiliaires ou dorures et patines de la m\u00eame gamme pour obtenir plus d\u0092effets. S\u00e9chage: S\u00e9chage hors poussi\u00e8re 30min. A coeur 24 heures. Supports : bois, pl\u00e2tre, terre cuite, p\u00e2te \u00e0 sel, carton, pierre, papier&#8230; Dilution : eau. Opacit\u00e9 : couleurs opaques. Finition: mate. Surface couverte : 45 ml \u0098 0,5 m\u00b2 Entretien : supporte un lavage l\u00e9ger \u00e0 la main sans trempage. Pinceaux: pinceaux synth\u00e9tiques, rouleaux et pinceaux mousse, pinceaux pochoirs \u0085 Nettoyage des pinceaux : eau savonneuse.<\/p>\n","protected":false},"featured_media":2510,"comment_status":"open","ping_status":"closed","template":"","meta":[],"product_brand":[],"product_cat":[65,35,69],"product_tag":[],"giftcard-category":[],"class_list":{"0":"post-2509","1":"product","2":"type-product","3":"status-publish","4":"has-post-thumbnail","6":"product_cat-1-joueur","7":"product_cat-activites-creatives-et-manuelles","8":"product_cat-petits-prix","10":"entry","11":"has-media","13":"first","14":"instock","15":"sale","16":"taxable","17":"shipping-taxable","18":"purchasable","19":"product-type-simple","20":"has-product-nav","21":"col","22":"span_1_of_3","23":"owp-content-center","24":"owp-thumbs-layout-horizontal","25":"owp-btn-normal","26":"owp-tabs-layout-horizontal","27":"has-no-thumbnails","29":"circle-sale"},"yoast_head":"<!-- This site is optimized with the Yoast SEO plugin v27.4 - https:\/\/yoast.com\/product\/yoast-seo-wordpress\/ -->\n<title>PEINTURE DECO ACRYLIQUE PEBEO ROUGE REF 204024 - Au Paradis des Jouets<\/title>\n<meta name=\"robots\" content=\"index, follow, max-snippet:-1, max-image-preview:large, max-video-preview:-1\" \/>\n<link rel=\"canonical\" href=\"https:\/\/auparadisdesjouets.com\/index.php\/produit\/pebeo-peinture-deco-acrylique-rouge-ref-204024\/\" \/>\n<meta property=\"og:locale\" content=\"fr_FR\" \/>\n<meta property=\"og:type\" content=\"article\" \/>\n<meta property=\"og:title\" content=\"PEINTURE DECO ACRYLIQUE PEBEO ROUGE REF 204024 - Au Paradis des Jouets\" \/>\n<meta property=\"og:description\" content=\"La gamme de peinture P.BO D\u00e9co mate se d\u00e9cline en 50 couleurs vari\u00e9es. Diluables \u00e0 l\u0092eau et miscibles entre elles, elles permettent de d\u00e9corer les mat\u00e9riaux de votre choix. Une fois s\u00e8che, elles r\u00e9sistent \u00e0 l\u0092eau. Vous pouvez \u00e9galement les combiner avec tous les auxiliaires ou dorures et patines de la m\u00eame gamme pour obtenir plus d\u0092effets. S\u00e9chage: S\u00e9chage hors poussi\u00e8re 30min. A coeur 24 heures. Supports : bois, pl\u00e2tre, terre cuite, p\u00e2te \u00e0 sel, carton, pierre, papier&#8230; Dilution : eau. Opacit\u00e9 : couleurs opaques. Finition: mate. Surface couverte : 45 ml \u0098 0,5 m\u00b2 Entretien : supporte un lavage l\u00e9ger \u00e0 la main sans trempage. Pinceaux: pinceaux synth\u00e9tiques, rouleaux et pinceaux mousse, pinceaux pochoirs \u0085 Nettoyage des pinceaux : eau savonneuse.\" \/>\n<meta property=\"og:url\" content=\"https:\/\/auparadisdesjouets.com\/index.php\/produit\/pebeo-peinture-deco-acrylique-rouge-ref-204024\/\" \/>\n<meta property=\"og:site_name\" content=\"Au Paradis des Jouets\" \/>\n<meta property=\"article:publisher\" content=\"https:\/\/www.facebook.com\/auparadisdesjouets\" \/>\n<meta property=\"article:modified_time\" content=\"2025-12-03T15:51:32+00:00\" \/>\n<meta property=\"og:image\" content=\"https:\/\/auparadisdesjouets.com\/wp-content\/uploads\/2024\/08\/image_processing20220628-3-1pjoz5y.webp\" \/>\n\t<meta property=\"og:image:width\" content=\"1200\" \/>\n\t<meta property=\"og:image:height\" content=\"1200\" \/>\n\t<meta property=\"og:image:type\" content=\"image\/webp\" \/>\n<meta name=\"twitter:card\" content=\"summary_large_image\" \/>\n<meta name=\"twitter:label1\" content=\"Dur\u00e9e de lecture estim\u00e9e\" \/>\n\t<meta name=\"twitter:data1\" content=\"1 minute\" \/>\n<script type=\"application\/ld+json\" class=\"yoast-schema-graph\">{\"@context\":\"https:\\\/\\\/schema.org\",\"@graph\":[{\"@type\":\"WebPage\",\"@id\":\"https:\\\/\\\/auparadisdesjouets.com\\\/index.php\\\/produit\\\/pebeo-peinture-deco-acrylique-rouge-ref-204024\\\/\",\"url\":\"https:\\\/\\\/auparadisdesjouets.com\\\/index.php\\\/produit\\\/pebeo-peinture-deco-acrylique-rouge-ref-204024\\\/\",\"name\":\"PEINTURE DECO ACRYLIQUE PEBEO ROUGE REF 204024 - Au Paradis des Jouets\",\"isPartOf\":{\"@id\":\"https:\\\/\\\/auparadisdesjouets.com\\\/#website\"},\"primaryImageOfPage\":{\"@id\":\"https:\\\/\\\/auparadisdesjouets.com\\\/index.php\\\/produit\\\/pebeo-peinture-deco-acrylique-rouge-ref-204024\\\/#primaryimage\"},\"image\":{\"@id\":\"https:\\\/\\\/auparadisdesjouets.com\\\/index.php\\\/produit\\\/pebeo-peinture-deco-acrylique-rouge-ref-204024\\\/#primaryimage\"},\"thumbnailUrl\":\"https:\\\/\\\/auparadisdesjouets.com\\\/wp-content\\\/uploads\\\/2024\\\/08\\\/image_processing20220628-3-1pjoz5y.webp\",\"datePublished\":\"2024-08-30T09:14:58+00:00\",\"dateModified\":\"2025-12-03T15:51:32+00:00\",\"breadcrumb\":{\"@id\":\"https:\\\/\\\/auparadisdesjouets.com\\\/index.php\\\/produit\\\/pebeo-peinture-deco-acrylique-rouge-ref-204024\\\/#breadcrumb\"},\"inLanguage\":\"fr-FR\",\"potentialAction\":[{\"@type\":\"ReadAction\",\"target\":[\"https:\\\/\\\/auparadisdesjouets.com\\\/index.php\\\/produit\\\/pebeo-peinture-deco-acrylique-rouge-ref-204024\\\/\"]}]},{\"@type\":\"ImageObject\",\"inLanguage\":\"fr-FR\",\"@id\":\"https:\\\/\\\/auparadisdesjouets.com\\\/index.php\\\/produit\\\/pebeo-peinture-deco-acrylique-rouge-ref-204024\\\/#primaryimage\",\"url\":\"https:\\\/\\\/auparadisdesjouets.com\\\/wp-content\\\/uploads\\\/2024\\\/08\\\/image_processing20220628-3-1pjoz5y.webp\",\"contentUrl\":\"https:\\\/\\\/auparadisdesjouets.com\\\/wp-content\\\/uploads\\\/2024\\\/08\\\/image_processing20220628-3-1pjoz5y.webp\",\"width\":1200,\"height\":1200},{\"@type\":\"BreadcrumbList\",\"@id\":\"https:\\\/\\\/auparadisdesjouets.com\\\/index.php\\\/produit\\\/pebeo-peinture-deco-acrylique-rouge-ref-204024\\\/#breadcrumb\",\"itemListElement\":[{\"@type\":\"ListItem\",\"position\":1,\"name\":\"Accueil\",\"item\":\"https:\\\/\\\/auparadisdesjouets.com\\\/\"},{\"@type\":\"ListItem\",\"position\":2,\"name\":\"Boutique\",\"item\":\"https:\\\/\\\/auparadisdesjouets.com\\\/index.php\\\/boutique\\\/\"},{\"@type\":\"ListItem\",\"position\":3,\"name\":\"PEINTURE DECO ACRYLIQUE PEBEO ROUGE REF 204024\"}]},{\"@type\":\"WebSite\",\"@id\":\"https:\\\/\\\/auparadisdesjouets.com\\\/#website\",\"url\":\"https:\\\/\\\/auparadisdesjouets.com\\\/\",\"name\":\"Au Paradis des Jouets\",\"description\":\"Trouvez le jouet qui vous correspond !\",\"publisher\":{\"@id\":\"https:\\\/\\\/auparadisdesjouets.com\\\/#organization\"},\"potentialAction\":[{\"@type\":\"SearchAction\",\"target\":{\"@type\":\"EntryPoint\",\"urlTemplate\":\"https:\\\/\\\/auparadisdesjouets.com\\\/?s={search_term_string}\"},\"query-input\":{\"@type\":\"PropertyValueSpecification\",\"valueRequired\":true,\"valueName\":\"search_term_string\"}}],\"inLanguage\":\"fr-FR\"},{\"@type\":\"Organization\",\"@id\":\"https:\\\/\\\/auparadisdesjouets.com\\\/#organization\",\"name\":\"Au Paradis des Jouets\",\"url\":\"https:\\\/\\\/auparadisdesjouets.com\\\/\",\"logo\":{\"@type\":\"ImageObject\",\"inLanguage\":\"fr-FR\",\"@id\":\"https:\\\/\\\/auparadisdesjouets.com\\\/#\\\/schema\\\/logo\\\/image\\\/\",\"url\":\"https:\\\/\\\/auparadisdesjouets.com\\\/wp-content\\\/uploads\\\/2024\\\/09\\\/logo-paradis-jouets.png\",\"contentUrl\":\"https:\\\/\\\/auparadisdesjouets.com\\\/wp-content\\\/uploads\\\/2024\\\/09\\\/logo-paradis-jouets.png\",\"width\":7678,\"height\":1950,\"caption\":\"Au Paradis des Jouets\"},\"image\":{\"@id\":\"https:\\\/\\\/auparadisdesjouets.com\\\/#\\\/schema\\\/logo\\\/image\\\/\"},\"sameAs\":[\"https:\\\/\\\/www.facebook.com\\\/auparadisdesjouets\"]}]}<\/script>\n<!-- \/ Yoast SEO plugin. -->","yoast_head_json":{"title":"PEINTURE DECO ACRYLIQUE PEBEO ROUGE REF 204024 - Au Paradis des Jouets","robots":{"index":"index","follow":"follow","max-snippet":"max-snippet:-1","max-image-preview":"max-image-preview:large","max-video-preview":"max-video-preview:-1"},"canonical":"https:\/\/auparadisdesjouets.com\/index.php\/produit\/pebeo-peinture-deco-acrylique-rouge-ref-204024\/","og_locale":"fr_FR","og_type":"article","og_title":"PEINTURE DECO ACRYLIQUE PEBEO ROUGE REF 204024 - Au Paradis des Jouets","og_description":"La gamme de peinture P.BO D\u00e9co mate se d\u00e9cline en 50 couleurs vari\u00e9es. Diluables \u00e0 l\u0092eau et miscibles entre elles, elles permettent de d\u00e9corer les mat\u00e9riaux de votre choix. Une fois s\u00e8che, elles r\u00e9sistent \u00e0 l\u0092eau. Vous pouvez \u00e9galement les combiner avec tous les auxiliaires ou dorures et patines de la m\u00eame gamme pour obtenir plus d\u0092effets. S\u00e9chage: S\u00e9chage hors poussi\u00e8re 30min. A coeur 24 heures. Supports : bois, pl\u00e2tre, terre cuite, p\u00e2te \u00e0 sel, carton, pierre, papier&#8230; Dilution : eau. Opacit\u00e9 : couleurs opaques. Finition: mate. Surface couverte : 45 ml \u0098 0,5 m\u00b2 Entretien : supporte un lavage l\u00e9ger \u00e0 la main sans trempage. Pinceaux: pinceaux synth\u00e9tiques, rouleaux et pinceaux mousse, pinceaux pochoirs \u0085 Nettoyage des pinceaux : eau savonneuse.","og_url":"https:\/\/auparadisdesjouets.com\/index.php\/produit\/pebeo-peinture-deco-acrylique-rouge-ref-204024\/","og_site_name":"Au Paradis des Jouets","article_publisher":"https:\/\/www.facebook.com\/auparadisdesjouets","article_modified_time":"2025-12-03T15:51:32+00:00","og_image":[{"width":1200,"height":1200,"url":"https:\/\/auparadisdesjouets.com\/wp-content\/uploads\/2024\/08\/image_processing20220628-3-1pjoz5y.webp","type":"image\/webp"}],"twitter_card":"summary_large_image","twitter_misc":{"Dur\u00e9e de lecture estim\u00e9e":"1 minute"},"schema":{"@context":"https:\/\/schema.org","@graph":[{"@type":"WebPage","@id":"https:\/\/auparadisdesjouets.com\/index.php\/produit\/pebeo-peinture-deco-acrylique-rouge-ref-204024\/","url":"https:\/\/auparadisdesjouets.com\/index.php\/produit\/pebeo-peinture-deco-acrylique-rouge-ref-204024\/","name":"PEINTURE DECO ACRYLIQUE PEBEO ROUGE REF 204024 - Au Paradis des Jouets","isPartOf":{"@id":"https:\/\/auparadisdesjouets.com\/#website"},"primaryImageOfPage":{"@id":"https:\/\/auparadisdesjouets.com\/index.php\/produit\/pebeo-peinture-deco-acrylique-rouge-ref-204024\/#primaryimage"},"image":{"@id":"https:\/\/auparadisdesjouets.com\/index.php\/produit\/pebeo-peinture-deco-acrylique-rouge-ref-204024\/#primaryimage"},"thumbnailUrl":"https:\/\/auparadisdesjouets.com\/wp-content\/uploads\/2024\/08\/image_processing20220628-3-1pjoz5y.webp","datePublished":"2024-08-30T09:14:58+00:00","dateModified":"2025-12-03T15:51:32+00:00","breadcrumb":{"@id":"https:\/\/auparadisdesjouets.com\/index.php\/produit\/pebeo-peinture-deco-acrylique-rouge-ref-204024\/#breadcrumb"},"inLanguage":"fr-FR","potentialAction":[{"@type":"ReadAction","target":["https:\/\/auparadisdesjouets.com\/index.php\/produit\/pebeo-peinture-deco-acrylique-rouge-ref-204024\/"]}]},{"@type":"ImageObject","inLanguage":"fr-FR","@id":"https:\/\/auparadisdesjouets.com\/index.php\/produit\/pebeo-peinture-deco-acrylique-rouge-ref-204024\/#primaryimage","url":"https:\/\/auparadisdesjouets.com\/wp-content\/uploads\/2024\/08\/image_processing20220628-3-1pjoz5y.webp","contentUrl":"https:\/\/auparadisdesjouets.com\/wp-content\/uploads\/2024\/08\/image_processing20220628-3-1pjoz5y.webp","width":1200,"height":1200},{"@type":"BreadcrumbList","@id":"https:\/\/auparadisdesjouets.com\/index.php\/produit\/pebeo-peinture-deco-acrylique-rouge-ref-204024\/#breadcrumb","itemListElement":[{"@type":"ListItem","position":1,"name":"Accueil","item":"https:\/\/auparadisdesjouets.com\/"},{"@type":"ListItem","position":2,"name":"Boutique","item":"https:\/\/auparadisdesjouets.com\/index.php\/boutique\/"},{"@type":"ListItem","position":3,"name":"PEINTURE DECO ACRYLIQUE PEBEO ROUGE REF 204024"}]},{"@type":"WebSite","@id":"https:\/\/auparadisdesjouets.com\/#website","url":"https:\/\/auparadisdesjouets.com\/","name":"Au Paradis des Jouets","description":"Trouvez le jouet qui vous correspond !","publisher":{"@id":"https:\/\/auparadisdesjouets.com\/#organization"},"potentialAction":[{"@type":"SearchAction","target":{"@type":"EntryPoint","urlTemplate":"https:\/\/auparadisdesjouets.com\/?s={search_term_string}"},"query-input":{"@type":"PropertyValueSpecification","valueRequired":true,"valueName":"search_term_string"}}],"inLanguage":"fr-FR"},{"@type":"Organization","@id":"https:\/\/auparadisdesjouets.com\/#organization","name":"Au Paradis des Jouets","url":"https:\/\/auparadisdesjouets.com\/","logo":{"@type":"ImageObject","inLanguage":"fr-FR","@id":"https:\/\/auparadisdesjouets.com\/#\/schema\/logo\/image\/","url":"https:\/\/auparadisdesjouets.com\/wp-content\/uploads\/2024\/09\/logo-paradis-jouets.png","contentUrl":"https:\/\/auparadisdesjouets.com\/wp-content\/uploads\/2024\/09\/logo-paradis-jouets.png","width":7678,"height":1950,"caption":"Au Paradis des Jouets"},"image":{"@id":"https:\/\/auparadisdesjouets.com\/#\/schema\/logo\/image\/"},"sameAs":["https:\/\/www.facebook.com\/auparadisdesjouets"]}]}},"jetpack_sharing_enabled":true,"_links":{"self":[{"href":"https:\/\/auparadisdesjouets.com\/index.php\/wp-json\/wp\/v2\/product\/2509","targetHints":{"allow":["GET"]}}],"collection":[{"href":"https:\/\/auparadisdesjouets.com\/index.php\/wp-json\/wp\/v2\/product"}],"about":[{"href":"https:\/\/auparadisdesjouets.com\/index.php\/wp-json\/wp\/v2\/types\/product"}],"replies":[{"embeddable":true,"href":"https:\/\/auparadisdesjouets.com\/index.php\/wp-json\/wp\/v2\/comments?post=2509"}],"version-history":[{"count":3,"href":"https:\/\/auparadisdesjouets.com\/index.php\/wp-json\/wp\/v2\/product\/2509\/revisions"}],"predecessor-version":[{"id":3864,"href":"https:\/\/auparadisdesjouets.com\/index.php\/wp-json\/wp\/v2\/product\/2509\/revisions\/3864"}],"wp:featuredmedia":[{"embeddable":true,"href":"https:\/\/auparadisdesjouets.com\/index.php\/wp-json\/wp\/v2\/media\/2510"}],"wp:attachment":[{"href":"https:\/\/auparadisdesjouets.com\/index.php\/wp-json\/wp\/v2\/media?parent=2509"}],"wp:term":[{"taxonomy":"product_brand","embeddable":true,"href":"https:\/\/auparadisdesjouets.com\/index.php\/wp-json\/wp\/v2\/product_brand?post=2509"},{"taxonomy":"product_cat","embeddable":true,"href":"https:\/\/auparadisdesjouets.com\/index.php\/wp-json\/wp\/v2\/product_cat?post=2509"},{"taxonomy":"product_tag","embeddable":true,"href":"https:\/\/auparadisdesjouets.com\/index.php\/wp-json\/wp\/v2\/product_tag?post=2509"},{"taxonomy":"giftcard-category","embeddable":true,"href":"https:\/\/auparadisdesjouets.com\/index.php\/wp-json\/wp\/v2\/giftcard-category?post=2509"}],"curies":[{"name":"wp","href":"https:\/\/api.w.org\/{rel}","templated":true}]}}