{"id":1418,"date":"2024-08-20T14:19:16","date_gmt":"2024-08-20T12:19:16","guid":{"rendered":"https:\/\/auparadisdesjouets.com\/?post_type=product&#038;p=1418"},"modified":"2025-11-19T09:19:53","modified_gmt":"2025-11-19T08:19:53","slug":"puzzle-en-bois-oiseaux-ref-07092","status":"publish","type":"product","link":"https:\/\/auparadisdesjouets.com\/index.php\/produit\/puzzle-en-bois-oiseaux-ref-07092\/","title":{"rendered":"PUZZLE EN BOIS OISEAUX REF 07092"},"content":{"rendered":"<div>C&rsquo;est ce que propose ce puzzle en bois premier \u00e2ge sur le th\u00e8me des oiseaux. D\u00e8s que l&rsquo;enfant parvient \u00e0 replacer\u00a0la bonne pi\u00e8ce au bon endroit sur le puzzle,\u00a0le son des instruments repr\u00e9sent\u00e9s retentit !\u00a0Gr\u00e2ce aux tenons en bois, la prise en main des pi\u00e8ces du puzzle est plus facile pour les tout-petits. Ce puzzle en bois est id\u00e9al pour d\u00e9velopper patience et motricit\u00e9 fine chez les enfants \u00e0 partir de 18 mois. N\u00e9cessite 2\u00a0piles AAA\/LR3 (piles fournies).<\/div>\n<div><\/div>\n<div>Puzzle sonore\u00a0Les Oiseaux en F\u00eate<\/div>\n","protected":false},"excerpt":{"rendered":"<p>C&rsquo;est ce que propose ce puzzle en bois premier \u00e2ge sur le th\u00e8me des oiseaux. D\u00e8s que l&rsquo;enfant parvient \u00e0 replacer\u00a0la bonne pi\u00e8ce au bon endroit sur le puzzle,\u00a0le son des instruments repr\u00e9sent\u00e9s retentit !<\/p>\n","protected":false},"featured_media":1419,"comment_status":"open","ping_status":"closed","template":"","meta":[],"product_brand":[],"product_cat":[22,23,24,36,28,51],"product_tag":[],"giftcard-category":[],"class_list":{"0":"post-1418","1":"product","2":"type-product","3":"status-publish","4":"has-post-thumbnail","6":"product_cat-0-a-2-ans","7":"product_cat-2-a-5-ans","8":"product_cat-5-a-8-ans","9":"product_cat-jouets-en-bois","10":"product_cat-puzzles","11":"product_cat-tout-en-mouvement-circuit-motricite","13":"entry","14":"has-media","16":"first","17":"instock","18":"sale","19":"taxable","20":"shipping-taxable","21":"purchasable","22":"product-type-simple","23":"has-product-nav","24":"col","25":"span_1_of_3","26":"owp-content-center","27":"owp-thumbs-layout-horizontal","28":"owp-btn-normal","29":"owp-tabs-layout-horizontal","30":"has-no-thumbnails","32":"circle-sale"},"yoast_head":"<!-- This site is optimized with the Yoast SEO plugin v27.3 - https:\/\/yoast.com\/product\/yoast-seo-wordpress\/ -->\n<title>PUZZLE EN BOIS OISEAUX REF 07092 - Au Paradis des Jouets<\/title>\n<meta name=\"robots\" content=\"index, follow, max-snippet:-1, max-image-preview:large, max-video-preview:-1\" \/>\n<link rel=\"canonical\" href=\"https:\/\/auparadisdesjouets.com\/index.php\/produit\/puzzle-en-bois-oiseaux-ref-07092\/\" \/>\n<meta property=\"og:locale\" content=\"fr_FR\" \/>\n<meta property=\"og:type\" content=\"article\" \/>\n<meta property=\"og:title\" content=\"PUZZLE EN BOIS OISEAUX REF 07092 - Au Paradis des Jouets\" \/>\n<meta property=\"og:description\" content=\"C&#039;est ce que propose ce puzzle en bois premier \u00e2ge sur le th\u00e8me des oiseaux. D\u00e8s que l&#039;enfant parvient \u00e0 replacer\u00a0la bonne pi\u00e8ce au bon endroit sur le puzzle,\u00a0le son des instruments repr\u00e9sent\u00e9s retentit !\" \/>\n<meta property=\"og:url\" content=\"https:\/\/auparadisdesjouets.com\/index.php\/produit\/puzzle-en-bois-oiseaux-ref-07092\/\" \/>\n<meta property=\"og:site_name\" content=\"Au Paradis des Jouets\" \/>\n<meta property=\"article:publisher\" content=\"https:\/\/www.facebook.com\/auparadisdesjouets\" \/>\n<meta property=\"article:modified_time\" content=\"2025-11-19T08:19:53+00:00\" \/>\n<meta property=\"og:image\" content=\"https:\/\/auparadisdesjouets.com\/wp-content\/uploads\/2024\/08\/07092-janod-puzzle-musical-les-oiseaux-en-fete-5-pcs-bois.jpg\" \/>\n\t<meta property=\"og:image:width\" content=\"354\" \/>\n\t<meta property=\"og:image:height\" content=\"354\" \/>\n\t<meta property=\"og:image:type\" content=\"image\/jpeg\" \/>\n<meta name=\"twitter:card\" content=\"summary_large_image\" \/>\n<script type=\"application\/ld+json\" class=\"yoast-schema-graph\">{\"@context\":\"https:\\\/\\\/schema.org\",\"@graph\":[{\"@type\":\"WebPage\",\"@id\":\"https:\\\/\\\/auparadisdesjouets.com\\\/index.php\\\/produit\\\/puzzle-en-bois-oiseaux-ref-07092\\\/\",\"url\":\"https:\\\/\\\/auparadisdesjouets.com\\\/index.php\\\/produit\\\/puzzle-en-bois-oiseaux-ref-07092\\\/\",\"name\":\"PUZZLE EN BOIS OISEAUX REF 07092 - Au Paradis des Jouets\",\"isPartOf\":{\"@id\":\"https:\\\/\\\/auparadisdesjouets.com\\\/#website\"},\"primaryImageOfPage\":{\"@id\":\"https:\\\/\\\/auparadisdesjouets.com\\\/index.php\\\/produit\\\/puzzle-en-bois-oiseaux-ref-07092\\\/#primaryimage\"},\"image\":{\"@id\":\"https:\\\/\\\/auparadisdesjouets.com\\\/index.php\\\/produit\\\/puzzle-en-bois-oiseaux-ref-07092\\\/#primaryimage\"},\"thumbnailUrl\":\"https:\\\/\\\/auparadisdesjouets.com\\\/wp-content\\\/uploads\\\/2024\\\/08\\\/07092-janod-puzzle-musical-les-oiseaux-en-fete-5-pcs-bois.jpg\",\"datePublished\":\"2024-08-20T12:19:16+00:00\",\"dateModified\":\"2025-11-19T08:19:53+00:00\",\"breadcrumb\":{\"@id\":\"https:\\\/\\\/auparadisdesjouets.com\\\/index.php\\\/produit\\\/puzzle-en-bois-oiseaux-ref-07092\\\/#breadcrumb\"},\"inLanguage\":\"fr-FR\",\"potentialAction\":[{\"@type\":\"ReadAction\",\"target\":[\"https:\\\/\\\/auparadisdesjouets.com\\\/index.php\\\/produit\\\/puzzle-en-bois-oiseaux-ref-07092\\\/\"]}]},{\"@type\":\"ImageObject\",\"inLanguage\":\"fr-FR\",\"@id\":\"https:\\\/\\\/auparadisdesjouets.com\\\/index.php\\\/produit\\\/puzzle-en-bois-oiseaux-ref-07092\\\/#primaryimage\",\"url\":\"https:\\\/\\\/auparadisdesjouets.com\\\/wp-content\\\/uploads\\\/2024\\\/08\\\/07092-janod-puzzle-musical-les-oiseaux-en-fete-5-pcs-bois.jpg\",\"contentUrl\":\"https:\\\/\\\/auparadisdesjouets.com\\\/wp-content\\\/uploads\\\/2024\\\/08\\\/07092-janod-puzzle-musical-les-oiseaux-en-fete-5-pcs-bois.jpg\",\"width\":354,\"height\":354},{\"@type\":\"BreadcrumbList\",\"@id\":\"https:\\\/\\\/auparadisdesjouets.com\\\/index.php\\\/produit\\\/puzzle-en-bois-oiseaux-ref-07092\\\/#breadcrumb\",\"itemListElement\":[{\"@type\":\"ListItem\",\"position\":1,\"name\":\"Accueil\",\"item\":\"https:\\\/\\\/auparadisdesjouets.com\\\/\"},{\"@type\":\"ListItem\",\"position\":2,\"name\":\"Boutique\",\"item\":\"https:\\\/\\\/auparadisdesjouets.com\\\/index.php\\\/boutique\\\/\"},{\"@type\":\"ListItem\",\"position\":3,\"name\":\"PUZZLE EN BOIS OISEAUX REF 07092\"}]},{\"@type\":\"WebSite\",\"@id\":\"https:\\\/\\\/auparadisdesjouets.com\\\/#website\",\"url\":\"https:\\\/\\\/auparadisdesjouets.com\\\/\",\"name\":\"Au Paradis des Jouets\",\"description\":\"Trouvez le jouet qui vous correspond !\",\"publisher\":{\"@id\":\"https:\\\/\\\/auparadisdesjouets.com\\\/#organization\"},\"potentialAction\":[{\"@type\":\"SearchAction\",\"target\":{\"@type\":\"EntryPoint\",\"urlTemplate\":\"https:\\\/\\\/auparadisdesjouets.com\\\/?s={search_term_string}\"},\"query-input\":{\"@type\":\"PropertyValueSpecification\",\"valueRequired\":true,\"valueName\":\"search_term_string\"}}],\"inLanguage\":\"fr-FR\"},{\"@type\":\"Organization\",\"@id\":\"https:\\\/\\\/auparadisdesjouets.com\\\/#organization\",\"name\":\"Au Paradis des Jouets\",\"url\":\"https:\\\/\\\/auparadisdesjouets.com\\\/\",\"logo\":{\"@type\":\"ImageObject\",\"inLanguage\":\"fr-FR\",\"@id\":\"https:\\\/\\\/auparadisdesjouets.com\\\/#\\\/schema\\\/logo\\\/image\\\/\",\"url\":\"https:\\\/\\\/auparadisdesjouets.com\\\/wp-content\\\/uploads\\\/2024\\\/09\\\/logo-paradis-jouets.png\",\"contentUrl\":\"https:\\\/\\\/auparadisdesjouets.com\\\/wp-content\\\/uploads\\\/2024\\\/09\\\/logo-paradis-jouets.png\",\"width\":7678,\"height\":1950,\"caption\":\"Au Paradis des Jouets\"},\"image\":{\"@id\":\"https:\\\/\\\/auparadisdesjouets.com\\\/#\\\/schema\\\/logo\\\/image\\\/\"},\"sameAs\":[\"https:\\\/\\\/www.facebook.com\\\/auparadisdesjouets\"]}]}<\/script>\n<!-- \/ Yoast SEO plugin. -->","yoast_head_json":{"title":"PUZZLE EN BOIS OISEAUX REF 07092 - Au Paradis des Jouets","robots":{"index":"index","follow":"follow","max-snippet":"max-snippet:-1","max-image-preview":"max-image-preview:large","max-video-preview":"max-video-preview:-1"},"canonical":"https:\/\/auparadisdesjouets.com\/index.php\/produit\/puzzle-en-bois-oiseaux-ref-07092\/","og_locale":"fr_FR","og_type":"article","og_title":"PUZZLE EN BOIS OISEAUX REF 07092 - Au Paradis des Jouets","og_description":"C'est ce que propose ce puzzle en bois premier \u00e2ge sur le th\u00e8me des oiseaux. D\u00e8s que l'enfant parvient \u00e0 replacer\u00a0la bonne pi\u00e8ce au bon endroit sur le puzzle,\u00a0le son des instruments repr\u00e9sent\u00e9s retentit !","og_url":"https:\/\/auparadisdesjouets.com\/index.php\/produit\/puzzle-en-bois-oiseaux-ref-07092\/","og_site_name":"Au Paradis des Jouets","article_publisher":"https:\/\/www.facebook.com\/auparadisdesjouets","article_modified_time":"2025-11-19T08:19:53+00:00","og_image":[{"width":354,"height":354,"url":"https:\/\/auparadisdesjouets.com\/wp-content\/uploads\/2024\/08\/07092-janod-puzzle-musical-les-oiseaux-en-fete-5-pcs-bois.jpg","type":"image\/jpeg"}],"twitter_card":"summary_large_image","schema":{"@context":"https:\/\/schema.org","@graph":[{"@type":"WebPage","@id":"https:\/\/auparadisdesjouets.com\/index.php\/produit\/puzzle-en-bois-oiseaux-ref-07092\/","url":"https:\/\/auparadisdesjouets.com\/index.php\/produit\/puzzle-en-bois-oiseaux-ref-07092\/","name":"PUZZLE EN BOIS OISEAUX REF 07092 - Au Paradis des Jouets","isPartOf":{"@id":"https:\/\/auparadisdesjouets.com\/#website"},"primaryImageOfPage":{"@id":"https:\/\/auparadisdesjouets.com\/index.php\/produit\/puzzle-en-bois-oiseaux-ref-07092\/#primaryimage"},"image":{"@id":"https:\/\/auparadisdesjouets.com\/index.php\/produit\/puzzle-en-bois-oiseaux-ref-07092\/#primaryimage"},"thumbnailUrl":"https:\/\/auparadisdesjouets.com\/wp-content\/uploads\/2024\/08\/07092-janod-puzzle-musical-les-oiseaux-en-fete-5-pcs-bois.jpg","datePublished":"2024-08-20T12:19:16+00:00","dateModified":"2025-11-19T08:19:53+00:00","breadcrumb":{"@id":"https:\/\/auparadisdesjouets.com\/index.php\/produit\/puzzle-en-bois-oiseaux-ref-07092\/#breadcrumb"},"inLanguage":"fr-FR","potentialAction":[{"@type":"ReadAction","target":["https:\/\/auparadisdesjouets.com\/index.php\/produit\/puzzle-en-bois-oiseaux-ref-07092\/"]}]},{"@type":"ImageObject","inLanguage":"fr-FR","@id":"https:\/\/auparadisdesjouets.com\/index.php\/produit\/puzzle-en-bois-oiseaux-ref-07092\/#primaryimage","url":"https:\/\/auparadisdesjouets.com\/wp-content\/uploads\/2024\/08\/07092-janod-puzzle-musical-les-oiseaux-en-fete-5-pcs-bois.jpg","contentUrl":"https:\/\/auparadisdesjouets.com\/wp-content\/uploads\/2024\/08\/07092-janod-puzzle-musical-les-oiseaux-en-fete-5-pcs-bois.jpg","width":354,"height":354},{"@type":"BreadcrumbList","@id":"https:\/\/auparadisdesjouets.com\/index.php\/produit\/puzzle-en-bois-oiseaux-ref-07092\/#breadcrumb","itemListElement":[{"@type":"ListItem","position":1,"name":"Accueil","item":"https:\/\/auparadisdesjouets.com\/"},{"@type":"ListItem","position":2,"name":"Boutique","item":"https:\/\/auparadisdesjouets.com\/index.php\/boutique\/"},{"@type":"ListItem","position":3,"name":"PUZZLE EN BOIS OISEAUX REF 07092"}]},{"@type":"WebSite","@id":"https:\/\/auparadisdesjouets.com\/#website","url":"https:\/\/auparadisdesjouets.com\/","name":"Au Paradis des Jouets","description":"Trouvez le jouet qui vous correspond !","publisher":{"@id":"https:\/\/auparadisdesjouets.com\/#organization"},"potentialAction":[{"@type":"SearchAction","target":{"@type":"EntryPoint","urlTemplate":"https:\/\/auparadisdesjouets.com\/?s={search_term_string}"},"query-input":{"@type":"PropertyValueSpecification","valueRequired":true,"valueName":"search_term_string"}}],"inLanguage":"fr-FR"},{"@type":"Organization","@id":"https:\/\/auparadisdesjouets.com\/#organization","name":"Au Paradis des Jouets","url":"https:\/\/auparadisdesjouets.com\/","logo":{"@type":"ImageObject","inLanguage":"fr-FR","@id":"https:\/\/auparadisdesjouets.com\/#\/schema\/logo\/image\/","url":"https:\/\/auparadisdesjouets.com\/wp-content\/uploads\/2024\/09\/logo-paradis-jouets.png","contentUrl":"https:\/\/auparadisdesjouets.com\/wp-content\/uploads\/2024\/09\/logo-paradis-jouets.png","width":7678,"height":1950,"caption":"Au Paradis des Jouets"},"image":{"@id":"https:\/\/auparadisdesjouets.com\/#\/schema\/logo\/image\/"},"sameAs":["https:\/\/www.facebook.com\/auparadisdesjouets"]}]}},"jetpack_sharing_enabled":true,"_links":{"self":[{"href":"https:\/\/auparadisdesjouets.com\/index.php\/wp-json\/wp\/v2\/product\/1418","targetHints":{"allow":["GET"]}}],"collection":[{"href":"https:\/\/auparadisdesjouets.com\/index.php\/wp-json\/wp\/v2\/product"}],"about":[{"href":"https:\/\/auparadisdesjouets.com\/index.php\/wp-json\/wp\/v2\/types\/product"}],"replies":[{"embeddable":true,"href":"https:\/\/auparadisdesjouets.com\/index.php\/wp-json\/wp\/v2\/comments?post=1418"}],"version-history":[{"count":1,"href":"https:\/\/auparadisdesjouets.com\/index.php\/wp-json\/wp\/v2\/product\/1418\/revisions"}],"predecessor-version":[{"id":1420,"href":"https:\/\/auparadisdesjouets.com\/index.php\/wp-json\/wp\/v2\/product\/1418\/revisions\/1420"}],"wp:featuredmedia":[{"embeddable":true,"href":"https:\/\/auparadisdesjouets.com\/index.php\/wp-json\/wp\/v2\/media\/1419"}],"wp:attachment":[{"href":"https:\/\/auparadisdesjouets.com\/index.php\/wp-json\/wp\/v2\/media?parent=1418"}],"wp:term":[{"taxonomy":"product_brand","embeddable":true,"href":"https:\/\/auparadisdesjouets.com\/index.php\/wp-json\/wp\/v2\/product_brand?post=1418"},{"taxonomy":"product_cat","embeddable":true,"href":"https:\/\/auparadisdesjouets.com\/index.php\/wp-json\/wp\/v2\/product_cat?post=1418"},{"taxonomy":"product_tag","embeddable":true,"href":"https:\/\/auparadisdesjouets.com\/index.php\/wp-json\/wp\/v2\/product_tag?post=1418"},{"taxonomy":"giftcard-category","embeddable":true,"href":"https:\/\/auparadisdesjouets.com\/index.php\/wp-json\/wp\/v2\/giftcard-category?post=1418"}],"curies":[{"name":"wp","href":"https:\/\/api.w.org\/{rel}","templated":true}]}}